ivided by 130868?
2
Calculate the remainder when 26448 is divided by 2936.
24
Calculate the remainder when 1339 is divided by 287.
191
What is the remainder when 4994 is divided by 164?
74
Calculate the remainder when 6301 is divided by 6082.
219
Calculate the remainder when 35105 is divided by 532.
525
What is the remainder when 22949 is divided by 633?
161
What is the remainder when 36384 is divided by 7267?
49
What is the remainder when 833381 is divided by 35?
31
What is the remainder when 106019 is divided by 50?
19
What is the remainder when 54095 is divided by 276?
275
What is the remainder when 671 is divided by 37?
5
What is the remainder when 1925 is divided by 14?
7
Calculate the remainder when 129988 is divided by 70.
68
What is the remainder when 27627 is divided by 42?
33
Calculate the remainder when 732334 is divided by 8.
6
Calculate the remainder when 888880 is divided by 619.
615
Calculate the remainder when 93917 is divided by 10.
7
What is the remainder when 3506 is divided by 1721?
64
What is the remainder when 7790 is divided by 506?
200
Calculate the remainder when 1142 is divided by 49.
15
What is the remainder when 3602 is divided by 55?
27
Calculate the remainder when 608 is divided by 36.
32
Calculate the remainder when 300056 is divided by 180.
176
Calculate the remainder when 42996 is divided by 10746.
12
What is the remainder when 1835 is divided by 573?
116
Calculate the remainder when 60386 is divided by 4312.
18
Calculate the remainder when 24677 is divided by 1362.
161
Calculate the remainder when 2329 is divided by 1851.
478
What is the remainder when 122695 is divided by 7?
6
What is the remainder when 189212 is divided by 71?
68
Calculate the remainder when 680146 is divided by 21.
19
Calculate the remainder when 547788 is divided by 660.
648
Calculate the remainder when 2585 is divided by 2185.
400
What is the remainder when 15108 is divided by 232?
28
What is the remainder when 373 is divided by 257?
116
Calculate the remainder when 254116 is divided by 50819.
21
What is the remainder when 6551463 is divided by 57?
54
Calculate the remainder when 432 is divided by 114.
90
Calculate the remainder when 78241 is divided by 313.
304
Calculate the remainder when 13958 is divided by 2791.
3
Calculate the remainder when 73231 is divided by 1527.
1462
What is the remainder when 90 is divided by 86?
4
Calculate the remainder when 3406 is divided by 65.
26
What is the remainder when 2208 is divided by 732?
12
Calculate the remainder when 66831 is divided by 464.
15
What is the remainder when 7733 is divided by 1566?
1469
Calculate the remainder when 259004 is divided by 4465.
34
Calculate the remainder when 107043 is divided by 183.
171
What is the remainder when 5592 is divided by 40?
32
Calculate the remainder when 23413 is divided by 1941.
121
Calculate the remainder when 256373 is divided by 71.
63
What is the remainder when 130363 is divided by 299?
298
Calculate the remainder when 5742 is divided by 715.
22
Calculate the remainder when 5531 is divided by 9.
5
What is the remainder when 13850 is divided by 51?
29
What is the remainder when 8614 is divided by 191?
19
Calculate the remainder when 5695 is divided by 2824.
47
What is the remainder when 4678 is divided by 583?
14
What is the remainder when 194563 is divided by 27783?
82
What is the remainder when 4604 is divided by 760?
44
Calculate the remainder when 102030 is divided by 459.
132
Calculate the remainder when 49286 is divided by 949.
887
Calculate the remainder when 91249 is divided by 46.
31
What is the remainder when 57901 is divided by 54?
13
Calculate the remainder when 58021 is divided by 1451.
1432
Calculate the remainder when 303397 is divided by 8.
5
What is the remainder when 1001 is divided by 498?
5
What is the remainder when 30276 is divided by 757?
753
Calculate the remainder when 18711 is divided by 4655.
91
What is the remainder when 25661 is divided by 90?
11
Calculate the remainder when 1079218 is divided by 215840.
18
What is the remainder when 359491 is divided by 37?
36
What is the remainder when 1815 is divided by 36?
15
What is the remainder when 16015 is divided by 83?
79
What is the remainder when 62381 is divided by 16?
13
Calculate the remainder when 55641 is divided by 13899.
45
What is the remainder when 1104595 is divided by 122731?
16
What is the remainder when 148946 is divided by 29789?
1
What is the remainder when 5216 is divided by 79?
2
Calculate the remainder when 1500 is divided by 298.
10
Calculate the remainder when 6577 is divided by 65.
12
What is the remainder when 38823 is divided by 321?
303
What is the remainder when 83342 is divided by 646?
8
What is the remainder when 51062 is divided by 8508?
14
What is the remainder when 12371 is divided by 520?
411
Calculate the remainder when 63801 is divided by 39.
36
Calculate the remainder when 793 is divided by 7.
2
Calculate the remainder when 16496 is divided by 266.
4
Calculate the remainder when 49373 is divided by 124.
21
What is the remainder when 22306 is divided by 814?
328
Calculate the remainder when 14927 is divided by 169.
55
What is the remainder when 349616 is divided by 42?
8
Calculate the remainder when 143281 is divided by 176.
17
Calculate the remainder when 11747 is divided by 31.
29
Calculate the remainder when 605085 is divided by 60507.
15
Calculate the remainder when 767 is divided by 339.
89
Calculate the remainder when 79732 is divided by 194.
192
Calculate the remainder when 12351 is divided by 190.
1
What is the remainder when 45383 is divided by 29?
27
Calculate the remainder when 6826 is divided by 104.
66
What is the remainder when 648208 is divided by 216068?
4
What is the remainder when 222605 is divided by 539?
537
What is the remainder when 296386 is divided by 535?
531
What is the remainder when 3572638 is divided by 49?
48
What is the remainder when 302022 is divided by 50328?
54
Calculate the remainder when 2345 is divided by 269.
193
What is the remainder when 140720 is divided by 70359?
2
Calculate the remainder when 3750 is divided by 673.
385
Calculate the remainder when 43 is divided by 8.
3
What is the remainder when 109922 is divided by 18?
14
What is the remainder when 26504 is divided by 13?
10
What is the remainder when 275174 is divided by 472?
470
What is the remainder when 25287 is divided by 109?
108
What is the remainder when 14419 is divided by 233?
206
Calculate the remainder when 464929 is divided by 70.
59
What is the remainder when 9177 is divided by 62?
1
What is the remainder when 2105 is divided by 1894?
211
Calculate the remainder when 3328 is divided by 3291.
37
Calculate the remainder when 281419 is divided by 46896.
43
What is the remainder when 75165 is divided by 884?
25
Calculate the remainder when 23614 is divided by 708.
250
What is the remainder when 143834 is divided by 95?
4
What is the remainder when 2119 is divided by 35?
19
Calculate the remainder when 3963 is divided by 662.
653
What is the remainder when 217965 is divided by 152?
149
What is the remainder when 3992229 is divided by 1588?
1585
What is the remainder when 67040 is divided by 1245?
1055
What is the remainder when 10424591 is divided by 1227?
1226
What is the remainder when 104198 is divided by 5484?
2
What is the remainder when 99596 is divided by 130?
16
Calculate the remainder when 8844 is divided by 1711.
289
Calculate the remainder when 48149 is divided by 32.
21
What is the remainder when 41669 is divided by 26?
17
Calculate the remainder when 570 is divided by 489.
81
What is the remainder when 59555 is divided by 8499?
62
Calculate the remainder when 91119 is divided by 33.
6
Calculate the remainder when 298268 is divided by 867.
20
What is the remainder when 117318 is divided by 56?
54
What is the remainder when 7454 is divided by 676?
18
What is the remainder when 11713 is divided by 62?
57
What is the remainder when 4235 is divided by 472?
459
What is the remainder when 123819 is divided by 127?
121
Calculate the remainder when 10235 is divided by 37.
23
What is the remainder when 50380 is divided by 311?
309
Calculate the remainder when 6039 is divided by 403.
397
What is the remainder when 2602 is divided 